74.7.243.244 - - [19/Mar/2026:08:47:55 -0400] "GET /site_data/gallery_images/19_img.php?path=//proc/thread-self/root/proc/self/root/opt/alt/alt-nodejs12/root/usr/lib/node_modules/npm/node_modules.bundled/stream-each HTTP/1.1" 200 1239 "https://www.msbhogalnsons.com/site_data/gallery_images/19_img.php?path=//proc/thread-self/root/proc/self/root/opt/alt/alt-nodejs12/root/usr/lib/node_modules/npm/node_modules.bundled" "Mozilla/5.0 AppleWebKit/537.36 (KHTML, like Gecko; compatible; GPTBot/1.3; +https://openai.com/gptbot)"
74.7.243.204 - - [19/Mar/2026:08:47:57 -0400] "GET /site_data/gallery_images/19_img.php?path=//proc/thread-self/root/opt/alt/tests/alt-php81-pecl-swoole_5.1.7-1.el8 HTTP/1.1" 200 964 "https://msbhogalnsons.com/site_data/gallery_images/19_img.php?path=//proc/thread-self/root/opt/alt/tests" "Mozilla/5.0 AppleWebKit/537.36 (KHTML, like Gecko; compatible; GPTBot/1.3; +https://openai.com/gptbot)"
192.178.8.72 - - [19/Mar/2026:08:47:57 -0400] "GET /.well-known/traffic-advice HTTP/1.1" 404 1251 "-" "Chrome Privacy Preserving Prefetch Proxy"
44.210.213.220 - - [19/Mar/2026:08:47:57 -0400] "GET /site_data/gallery_images/19_img.php?filesrc=//lib/node_modules/npm/man/man3/wmemchr.3.gz&path=//lib/node_modules/npm/man/man3 HTTP/1.1" 200 779 "-" "Mozilla/5.0 AppleWebKit/537.36 (KHTML, like Gecko; compatible; Amazonbot/0.1; +https://developer.amazon.com/support/amazonbot) Chrome/119.0.6045.214 Safari/537.36"
162.120.184.4 - - [19/Mar/2026:08:47:58 -0400] "GET / HTTP/1.1" 200 3178 "https://www.google.com/" "Mozilla/5.0 (Windows NT 10.0; Win64; x64) AppleWebKit/537.36 (KHTML, like Gecko) Chrome/146.0.0.0 Safari/537.36"
106.215.152.48 - - [19/Mar/2026:08:47:58 -0400] "GET /css/font-awesome.css HTTP/1.1" 200 7001 "https://www.msbhogalnsons.com/" "Mozilla/5.0 (Windows NT 10.0; Win64; x64) AppleWebKit/537.36 (KHTML, like Gecko) Chrome/146.0.0.0 Safari/537.36"
106.215.152.48 - - [19/Mar/2026:08:47:58 -0400] "GET /css/bootstrap.min.css HTTP/1.1" 200 18270 "https://www.msbhogalnsons.com/" "Mozilla/5.0 (Windows NT 10.0; Win64; x64) AppleWebKit/537.36 (KHTML, like Gecko) Chrome/146.0.0.0 Safari/537.36"
106.215.152.48 - - [19/Mar/2026:08:47:58 -0400] "GET /css/bootstrap-theme.min.css HTTP/1.1" 200 2423 "https://www.msbhogalnsons.com/" "Mozilla/5.0 (Windows NT 10.0; Win64; x64) AppleWebKit/537.36 (KHTML, like Gecko) Chrome/146.0.0.0 Safari/537.36"
106.215.152.48 - - [19/Mar/2026:08:47:58 -0400] "GET /style.css HTTP/1.1" 200 2255 "https://www.msbhogalnsons.com/" "Mozilla/5.0 (Windows NT 10.0; Win64; x64) AppleWebKit/537.36 (KHTML, like Gecko) Chrome/146.0.0.0 Safari/537.36"
106.215.152.48 - - [19/Mar/2026:08:47:58 -0400] "GET /images/index_01.jpg HTTP/1.1" 200 16138 "https://www.msbhogalnsons.com/" "Mozilla/5.0 (Windows NT 10.0; Win64; x64) AppleWebKit/537.36 (KHTML, like Gecko) Chrome/146.0.0.0 Safari/537.36"
106.215.152.48 - - [19/Mar/2026:08:47:58 -0400] "GET /site_data/images/20_slider.jpg HTTP/1.1" 200 183652 "https://www.msbhogalnsons.com/" "Mozilla/5.0 (Windows NT 10.0; Win64; x64) AppleWebKit/537.36 (KHTML, like Gecko) Chrome/146.0.0.0 Safari/537.36"
106.215.152.48 - - [19/Mar/2026:08:47:58 -0400] "GET /js/bootstrap.min.js HTTP/1.1" 200 9515 "https://www.msbhogalnsons.com/" "Mozilla/5.0 (Windows NT 10.0; Win64; x64) AppleWebKit/537.36 (KHTML, like Gecko) Chrome/146.0.0.0 Safari/537.36"
74.7.243.244 - - [19/Mar/2026:08:47:58 -0400] "GET /site_data/gallery_images/19_img.php?path=//proc/thread-self/root/proc/self/root/opt/alt/alt-nodejs12/root/usr/lib/node_modules/npm/node_modules.bundled/minimist HTTP/1.1" 200 1237 "https://www.msbhogalnsons.com/site_data/gallery_images/19_img.php?path=//proc/thread-self/root/proc/self/root/opt/alt/alt-nodejs12/root/usr/lib/node_modules/npm/node_modules.bundled" "Mozilla/5.0 AppleWebKit/537.36 (KHTML, like Gecko; compatible; GPTBot/1.3; +https://openai.com/gptbot)"
106.215.152.48 - - [19/Mar/2026:08:47:59 -0400] "GET /site_data/images/18_slider.jpg HTTP/1.1" 200 129012 "https://www.msbhogalnsons.com/" "Mozilla/5.0 (Windows NT 10.0; Win64; x64) AppleWebKit/537.36 (KHTML, like Gecko) Chrome/146.0.0.0 Safari/537.36"
106.215.152.48 - - [19/Mar/2026:08:48:00 -0400] "GET /site_data/images/19_slider.jpg HTTP/1.1" 200 125362 "https://www.msbhogalnsons.com/" "Mozilla/5.0 (Windows NT 10.0; Win64; x64) AppleWebKit/537.36 (KHTML, like Gecko) Chrome/146.0.0.0 Safari/537.36"
106.215.152.48 - - [19/Mar/2026:08:48:00 -0400] "GET /images/hexagon.png HTTP/1.1" 200 426686 "https://www.msbhogalnsons.com/" "Mozilla/5.0 (Windows NT 10.0; Win64; x64) AppleWebKit/537.36 (KHTML, like Gecko) Chrome/146.0.0.0 Safari/537.36"
106.215.152.48 - - [19/Mar/2026:08:48:00 -0400] "GET /images/index_05.jpg HTTP/1.1" 200 14349 "https://www.msbhogalnsons.com/style.css" "Mozilla/5.0 (Windows NT 10.0; Win64; x64) AppleWebKit/537.36 (KHTML, like Gecko) Chrome/146.0.0.0 Safari/537.36"
106.215.152.48 - - [19/Mar/2026:08:48:00 -0400] "GET /images/hexabg.jpg HTTP/1.1" 200 150659 "https://www.msbhogalnsons.com/style.css" "Mozilla/5.0 (Windows NT 10.0; Win64; x64) AppleWebKit/537.36 (KHTML, like Gecko) Chrome/146.0.0.0 Safari/537.36"
106.215.152.48 - - [19/Mar/2026:08:48:00 -0400] "GET /images/quote_bg.jpg HTTP/1.1" 200 2101 "https://www.msbhogalnsons.com/style.css" "Mozilla/5.0 (Windows NT 10.0; Win64; x64) AppleWebKit/537.36 (KHTML, like Gecko) Chrome/146.0.0.0 Safari/537.36"
106.215.152.48 - - [19/Mar/2026:08:48:00 -0400] "GET /fonts/glyphicons-halflings-regular.woff2 HTTP/1.1" 200 18028 "https://www.msbhogalnsons.com/css/bootstrap.min.css" "Mozilla/5.0 (Windows NT 10.0; Win64; x64) AppleWebKit/537.36 (KHTML, like Gecko) Chrome/146.0.0.0 Safari/537.36"
106.215.152.48 - - [19/Mar/2026:08:48:00 -0400] "GET /images/index_08.jpg HTTP/1.1" 200 66184 "https://www.msbhogalnsons.com/style.css" "Mozilla/5.0 (Windows NT 10.0; Win64; x64) AppleWebKit/537.36 (KHTML, like Gecko) Chrome/146.0.0.0 Safari/537.36"
106.215.152.48 - - [19/Mar/2026:08:48:00 -0400] "GET /fonts/fontawesome-webfont.woff2?v=4.7.0 HTTP/1.1" 200 77160 "https://www.msbhogalnsons.com/css/font-awesome.css" "Mozilla/5.0 (Windows NT 10.0; Win64; x64) AppleWebKit/537.36 (KHTML, like Gecko) Chrome/146.0.0.0 Safari/537.36"
74.7.243.204 - - [19/Mar/2026:08:48:00 -0400] "GET /site_data/gallery_images/19_img.php?path=//proc/thread-self/root/opt/alt/tests/alt-php85-pecl-bitset_3.2.0-1.el8/tests HTTP/1.1" 200 1631 "https://msbhogalnsons.com/site_data/gallery_images/19_img.php?path=//proc/thread-self/root/opt/alt/tests/alt-php85-pecl-bitset_3.2.0-1.el8" "Mozilla/5.0 AppleWebKit/537.36 (KHTML, like Gecko; compatible; GPTBot/1.3; +https://openai.com/gptbot)"
74.7.243.244 - - [19/Mar/2026:08:48:01 -0400] "GET /site_data/gallery_images/19_img.php?path=//proc/thread-self/root/proc/self/root/opt/alt/alt-nodejs12/root/usr/lib/node_modules/npm/node_modules.bundled/has-flag HTTP/1.1" 200 1109 "https://www.msbhogalnsons.com/site_data/gallery_images/19_img.php?path=//proc/thread-self/root/proc/self/root/opt/alt/alt-nodejs12/root/usr/lib/node_modules/npm/node_modules.bundled" "Mozilla/5.0 AppleWebKit/537.36 (KHTML, like Gecko; compatible; GPTBot/1.3; +https://openai.com/gptbot)"
54.225.98.148 - - [19/Mar/2026:08:48:02 -0400] "GET /site_data/gallery_images/19_img.php?filesrc=//lib/node_modules/npm/man/man3/pthread_spin_unlock.3.gz&path=//lib/node_modules/npm/man/man3 HTTP/1.1" 200 788 "-" "Mozilla/5.0 AppleWebKit/537.36 (KHTML, like Gecko; compatible; Amazonbot/0.1; +https://developer.amazon.com/support/amazonbot) Chrome/119.0.6045.214 Safari/537.36"
74.7.243.204 - - [19/Mar/2026:08:48:03 -0400] "GET /site_data/gallery_images/19_img.php?path=//proc/thread-self/root/opt/alt/tests/alt-php85-pecl-gearman_2.1.4-2.el8/tests HTTP/1.1" 200 2337 "https://msbhogalnsons.com/site_data/gallery_images/19_img.php?path=//proc/thread-self/root/opt/alt/tests/alt-php85-pecl-gearman_2.1.4-2.el8" "Mozilla/5.0 AppleWebKit/537.36 (KHTML, like Gecko; compatible; GPTBot/1.3; +https://openai.com/gptbot)"
74.7.243.244 - - [19/Mar/2026:08:48:04 -0400] "GET /site_data/gallery_images/19_img.php?path=//proc/self/root/proc/thread-self/root/opt/alt/alt-nodejs24/root/usr/lib/node_modules/npm/node_modules.bundled/treeverse/lib HTTP/1.1" 200 1107 "https://www.msbhogalnsons.com/site_data/gallery_images/19_img.php?path=//proc/self/root/proc/thread-self/root/opt/alt/alt-nodejs24/root/usr/lib/node_modules/npm/node_modules.bundled/treeverse" "Mozilla/5.0 AppleWebKit/537.36 (KHTML, like Gecko; compatible; GPTBot/1.3; +https://openai.com/gptbot)"
106.215.152.48 - - [19/Mar/2026:08:48:05 -0400] "GET /bh.jpg HTTP/1.1" 200 2821 "https://www.msbhogalnsons.com/" "Mozilla/5.0 (Windows NT 10.0; Win64; x64) AppleWebKit/537.36 (KHTML, like Gecko) Chrome/146.0.0.0 Safari/537.36"
54.235.158.162 - - [19/Mar/2026:08:48:05 -0400] "GET /site_data/gallery_images/_img.php?path=//home/anibklip/.system-php/ini/8.4/sluniversal.in.anibs.com HTTP/1.1" 200 1060 "-" "Mozilla/5.0 AppleWebKit/537.36 (KHTML, like Gecko; compatible; Amazonbot/0.1; +https://developer.amazon.com/support/amazonbot) Chrome/119.0.6045.214 Safari/537.36"
74.7.243.204 - - [19/Mar/2026:08:48:06 -0400] "GET /site_data/gallery_images/19_img.php?path=//proc/thread-self/root/opt/alt/tests/alt-php84-pecl-redis_6.1.0-7.el8/tests HTTP/1.1" 200 1344 "https://msbhogalnsons.com/site_data/gallery_images/19_img.php?path=//proc/thread-self/root/opt/alt/tests/alt-php84-pecl-redis_6.1.0-7.el8" "Mozilla/5.0 AppleWebKit/537.36 (KHTML, like Gecko; compatible; GPTBot/1.3; +https://openai.com/gptbot)"
74.7.243.244 - - [19/Mar/2026:08:48:07 -0400] "GET /site_data/gallery_images/19_img.php?path=//proc/thread-self/root/proc/self/root/opt/alt/alt-nodejs12/root/usr/lib/node_modules/npm/node_modules.bundled/concat-map/example HTTP/1.1" 200 1024 "https://www.msbhogalnsons.com/site_data/gallery_images/19_img.php?path=//proc/thread-self/root/proc/self/root/opt/alt/alt-nodejs12/root/usr/lib/node_modules/npm/node_modules.bundled/concat-map" "Mozilla/5.0 AppleWebKit/537.36 (KHTML, like Gecko; compatible; GPTBot/1.3; +https://openai.com/gptbot)"
74.7.243.204 - - [19/Mar/2026:08:48:09 -0400] "GET /site_data/gallery_images/19_img.php?path=//proc/thread-self/root/opt/alt/tests/alt-php85-pecl-solr_2.7.0-3.el8 HTTP/1.1" 200 913 "https://msbhogalnsons.com/site_data/gallery_images/19_img.php?path=//proc/thread-self/root/opt/alt/tests" "Mozilla/5.0 AppleWebKit/537.36 (KHTML, like Gecko; compatible; GPTBot/1.3; +https://openai.com/gptbot)"
54.156.248.117 - - [19/Mar/2026:08:48:09 -0400] "GET /site_data/gallery_images/19_img.php?filesrc=//lib/node_modules/npm/man/man3/mvwinsstr.3x.gz&path=//lib/node_modules/npm/man/man3 HTTP/1.1" 200 781 "-" "Mozilla/5.0 AppleWebKit/537.36 (KHTML, like Gecko; compatible; Amazonbot/0.1; +https://developer.amazon.com/support/amazonbot) Chrome/119.0.6045.214 Safari/537.36"
74.7.243.244 - - [19/Mar/2026:08:48:10 -0400] "GET /site_data/gallery_images/19_img.php?path=//proc/thread-self/root/proc/self/root/opt/alt/alt-nodejs12/root/usr/lib/node_modules/npm/node_modules.bundled/path-is-inside/lib HTTP/1.1" 200 1024 "https://www.msbhogalnsons.com/site_data/gallery_images/19_img.php?path=//proc/thread-self/root/proc/self/root/opt/alt/alt-nodejs12/root/usr/lib/node_modules/npm/node_modules.bundled/path-is-inside" "Mozilla/5.0 AppleWebKit/537.36 (KHTML, like Gecko; compatible; GPTBot/1.3; +https://openai.com/gptbot)"
74.7.243.204 - - [19/Mar/2026:08:48:12 -0400] "GET /site_data/gallery_images/19_img.php?path=//proc/thread-self/root/opt/alt/tests/alt-php81-pecl-gender_1.1.0-3.el8 HTTP/1.1" 200 914 "https://msbhogalnsons.com/site_data/gallery_images/19_img.php?path=//proc/thread-self/root/opt/alt/tests" "Mozilla/5.0 AppleWebKit/537.36 (KHTML, like Gecko; compatible; GPTBot/1.3; +https://openai.com/gptbot)"
44.221.105.234 - - [19/Mar/2026:08:48:13 -0400] "GET /site_data/gallery_images/19_img.php?filesrc=//lib/node_modules/npm/man/man3/X509_STORE_unlock.3ssl.gz&path=//lib/node_modules/npm/man/man3 HTTP/1.1" 200 791 "-" "Mozilla/5.0 AppleWebKit/537.36 (KHTML, like Gecko; compatible; Amazonbot/0.1; +https://developer.amazon.com/support/amazonbot) Chrome/119.0.6045.214 Safari/537.36"
74.7.243.244 - - [19/Mar/2026:08:48:13 -0400] "GET /site_data/gallery_images/19_img.php?path=//proc/thread-self/root/proc/self/root/opt/alt/alt-nodejs12/root/usr/lib/node_modules/npm/node_modules.bundled/code-point-at HTTP/1.1" 200 1112 "https://www.msbhogalnsons.com/site_data/gallery_images/19_img.php?path=//proc/thread-self/root/proc/self/root/opt/alt/alt-nodejs12/root/usr/lib/node_modules/npm/node_modules.bundled" "Mozilla/5.0 AppleWebKit/537.36 (KHTML, like Gecko; compatible; GPTBot/1.3; +https://openai.com/gptbot)"
74.7.243.204 - - [19/Mar/2026:08:48:15 -0400] "GET /site_data/gallery_images/19_img.php?path=//proc/thread-self/root/opt/alt/tests/alt-php81-pecl-yaml_2.2.3-1.el8 HTTP/1.1" 200 914 "https://msbhogalnsons.com/site_data/gallery_images/19_img.php?path=//proc/thread-self/root/opt/alt/tests" "Mozilla/5.0 AppleWebKit/537.36 (KHTML, like Gecko; compatible; GPTBot/1.3; +https://openai.com/gptbot)"
74.7.243.244 - - [19/Mar/2026:08:48:17 -0400] "GET /site_data/gallery_images/19_img.php?path=//proc/thread-self/root/proc/self/root/opt/alt/alt-nodejs12/root/usr/lib/node_modules/npm/node_modules.bundled/yargs/node_modules HTTP/1.1" 200 1227 "https://www.msbhogalnsons.com/site_data/gallery_images/19_img.php?path=//proc/thread-self/root/proc/self/root/opt/alt/alt-nodejs12/root/usr/lib/node_modules/npm/node_modules.bundled/yargs" "Mozilla/5.0 AppleWebKit/537.36 (KHTML, like Gecko; compatible; GPTBot/1.3; +https://openai.com/gptbot)"
54.197.102.71 - - [19/Mar/2026:08:48:17 -0400] "GET /site_data/gallery_images/19_img.php?filesrc=//lib/node_modules/npm/man/man3/pcrejit.3.gz&path=//lib/node_modules/npm/man/man3 HTTP/1.1" 200 779 "-" "Mozilla/5.0 AppleWebKit/537.36 (KHTML, like Gecko; compatible; Amazonbot/0.1; +https://developer.amazon.com/support/amazonbot) Chrome/119.0.6045.214 Safari/537.36"
74.7.243.204 - - [19/Mar/2026:08:48:19 -0400] "GET /site_data/gallery_images/19_img.php?path=//proc/thread-self/root/opt/alt/tests/alt-php80-pecl-imagick_3.7.0-4.el8 HTTP/1.1" 200 766 "https://msbhogalnsons.com/site_data/gallery_images/19_img.php?path=//proc/thread-self/root/opt/alt/tests" "Mozilla/5.0 AppleWebKit/537.36 (KHTML, like Gecko; compatible; GPTBot/1.3; +https://openai.com/gptbot)"
74.7.243.244 - - [19/Mar/2026:08:48:20 -0400] "GET /site_data/gallery_images/19_img.php?path=//proc/thread-self/root/proc/self/root/opt/alt/alt-nodejs12/root/usr/lib/node_modules/npm/node_modules.bundled/is-callable HTTP/1.1" 200 1363 "https://www.msbhogalnsons.com/site_data/gallery_images/19_img.php?path=//proc/thread-self/root/proc/self/root/opt/alt/alt-nodejs12/root/usr/lib/node_modules/npm/node_modules.bundled" "Mozilla/5.0 AppleWebKit/537.36 (KHTML, like Gecko; compatible; GPTBot/1.3; +https://openai.com/gptbot)"
52.202.233.37 - - [19/Mar/2026:08:48:21 -0400] "GET /site_data/gallery_images/19_img.php?path=//home/anibklip/lscache/7/e/3 HTTP/1.1" 200 1174 "-" "Mozilla/5.0 AppleWebKit/537.36 (KHTML, like Gecko; compatible; Amazonbot/0.1; +https://developer.amazon.com/support/amazonbot) Chrome/119.0.6045.214 Safari/537.36"
74.7.243.204 - - [19/Mar/2026:08:48:22 -0400] "GET /site_data/gallery_images/19_img.php?path=//proc/thread-self/root/opt/alt/tests/alt-php82-pecl-yaml_2.2.3-1.el8 HTTP/1.1" 200 913 "https://msbhogalnsons.com/site_data/gallery_images/19_img.php?path=//proc/thread-self/root/opt/alt/tests" "Mozilla/5.0 AppleWebKit/537.36 (KHTML, like Gecko; compatible; GPTBot/1.3; +https://openai.com/gptbot)"
74.7.243.244 - - [19/Mar/2026:08:48:23 -0400] "GET /site_data/gallery_images/19_img.php?path=//proc/thread-self/root/proc/self/root/opt/alt/alt-nodejs22/root/usr/lib/node_modules/npm/node_modules.bundled/p-map HTTP/1.1" 200 1075 "https://www.msbhogalnsons.com/site_data/gallery_images/19_img.php?path=//proc/thread-self/root/proc/self/root/opt/alt/alt-nodejs22/root/usr/lib/node_modules/npm/node_modules.bundled" "Mozilla/5.0 AppleWebKit/537.36 (KHTML, like Gecko; compatible; GPTBot/1.3; +https://openai.com/gptbot)"
74.7.243.204 - - [19/Mar/2026:08:48:25 -0400] "GET /site_data/gallery_images/19_img.php?path=//proc/thread-self/root/opt/alt/tests/alt-php81-pecl-uuid_1.2.0-1.el8/tests HTTP/1.1" 200 1285 "https://msbhogalnsons.com/site_data/gallery_images/19_img.php?path=//proc/thread-self/root/opt/alt/tests/alt-php81-pecl-uuid_1.2.0-1.el8" "Mozilla/5.0 AppleWebKit/537.36 (KHTML, like Gecko; compatible; GPTBot/1.3; +https://openai.com/gptbot)"
74.7.243.244 - - [19/Mar/2026:08:48:26 -0400] "GET /site_data/gallery_images/19_img.php?path=//proc/thread-self/root/proc/self/root/opt/alt/alt-nodejs12/root/usr/lib/node_modules/npm/node_modules.bundled/assert-plus HTTP/1.1" 200 1170 "https://www.msbhogalnsons.com/site_data/gallery_images/19_img.php?path=//proc/thread-self/root/proc/self/root/opt/alt/alt-nodejs12/root/usr/lib/node_modules/npm/node_modules.bundled" "Mozilla/5.0 AppleWebKit/537.36 (KHTML, like Gecko; compatible; GPTBot/1.3; +https://openai.com/gptbot)"
54.85.7.119 - - [19/Mar/2026:08:48:28 -0400] "GET /site_data/gallery_images/19_img.php?filesrc=//usr/lib/systemd/system-generators/systemd-cryptsetup-generator&path=//usr/lib/systemd/system-generators HTTP/1.1" 200 773 "-" "Mozilla/5.0 AppleWebKit/537.36 (KHTML, like Gecko; compatible; Amazonbot/0.1; +https://developer.amazon.com/support/amazonbot) Chrome/119.0.6045.214 Safari/537.36"
74.7.243.204 - - [19/Mar/2026:08:48:28 -0400] "GET /site_data/gallery_images/19_img.php?path=//proc/thread-self/root/opt/alt/tests/alt-php85-pecl-gender_1.1.0-3.el8/tests HTTP/1.1" 200 1264 "https://msbhogalnsons.com/site_data/gallery_images/19_img.php?path=//proc/thread-self/root/opt/alt/tests/alt-php85-pecl-gender_1.1.0-3.el8" "Mozilla/5.0 AppleWebKit/537.36 (KHTML, like Gecko; compatible; GPTBot/1.3; +https://openai.com/gptbot)"
54.91.122.193 - - [19/Mar/2026:08:48:29 -0400] "GET /site_data/gallery_images/19_img.php?filesrc=//lib/node_modules/npm/man/man3/FcStrStrIgnoreCase.3.gz&path=//lib/node_modules/npm/man/man3 HTTP/1.1" 200 787 "-" "Mozilla/5.0 AppleWebKit/537.36 (KHTML, like Gecko; compatible; Amazonbot/0.1; +https://developer.amazon.com/support/amazonbot) Chrome/119.0.6045.214 Safari/537.36"
74.7.243.244 - - [19/Mar/2026:08:48:30 -0400] "GET /site_data/gallery_images/19_img.php?path=//proc/thread-self/root/proc/self/root/opt/alt/alt-nodejs12/root/usr/lib/node_modules/npm/node_modules.bundled/fs-minipass HTTP/1.1" 200 1163 "https://www.msbhogalnsons.com/site_data/gallery_images/19_img.php?path=//proc/thread-self/root/proc/self/root/opt/alt/alt-nodejs12/root/usr/lib/node_modules/npm/node_modules.bundled" "Mozilla/5.0 AppleWebKit/537.36 (KHTML, like Gecko; compatible; GPTBot/1.3; +https://openai.com/gptbot)"
74.7.243.204 - - [19/Mar/2026:08:48:31 -0400] "GET /site_data/gallery_images/19_img.php?path=//proc/thread-self/root/opt/alt/tests/alt-php81-pecl-swoole_5.1.7-1.el8/tools HTTP/1.1" 200 776 "https://msbhogalnsons.com/site_data/gallery_images/19_img.php?path=//proc/thread-self/root/opt/alt/tests/alt-php81-pecl-swoole_5.1.7-1.el8" "Mozilla/5.0 AppleWebKit/537.36 (KHTML, like Gecko; compatible; GPTBot/1.3; +https://openai.com/gptbot)"
74.7.243.244 - - [19/Mar/2026:08:48:33 -0400] "GET /site_data/gallery_images/19_img.php?path=//proc/thread-self/root/proc/self/root/opt/alt/alt-nodejs12/root/usr/lib/node_modules/npm/node_modules.bundled/minimist/example HTTP/1.1" 200 1026 "https://www.msbhogalnsons.com/site_data/gallery_images/19_img.php?path=//proc/thread-self/root/proc/self/root/opt/alt/alt-nodejs12/root/usr/lib/node_modules/npm/node_modules.bundled/minimist" "Mozilla/5.0 AppleWebKit/537.36 (KHTML, like Gecko; compatible; GPTBot/1.3; +https://openai.com/gptbot)"
52.203.65.83 - - [19/Mar/2026:08:48:33 -0400] "GET /site_data/gallery_images/_img.php?path=//opt/alt/python-internal/share/licenses HTTP/1.1" 200 1015 "-" "Mozilla/5.0 AppleWebKit/537.36 (KHTML, like Gecko; compatible; Amazonbot/0.1; +https://developer.amazon.com/support/amazonbot) Chrome/119.0.6045.214 Safari/537.36"
74.7.243.204 - - [19/Mar/2026:08:48:34 -0400] "GET /site_data/gallery_images/19_img.php?path=//proc/thread-self/root/opt/alt/tests/alt-php81-pecl-swoole_5.1.7-1.el8/examples HTTP/1.1" 200 780 "https://msbhogalnsons.com/site_data/gallery_images/19_img.php?path=//proc/thread-self/root/opt/alt/tests/alt-php81-pecl-swoole_5.1.7-1.el8" "Mozilla/5.0 AppleWebKit/537.36 (KHTML, like Gecko; compatible; GPTBot/1.3; +https://openai.com/gptbot)"
74.7.243.244 - - [19/Mar/2026:08:48:36 -0400] "GET /site_data/gallery_images/19_img.php?path=//proc/thread-self/root/proc/self/root/opt/alt/alt-nodejs22/root/usr/lib/node_modules/npm/node_modules.bundled/libnpmorg/lib HTTP/1.1" 200 1014 "https://www.msbhogalnsons.com/site_data/gallery_images/19_img.php?path=//proc/thread-self/root/proc/self/root/opt/alt/alt-nodejs22/root/usr/lib/node_modules/npm/node_modules.bundled/libnpmorg" "Mozilla/5.0 AppleWebKit/537.36 (KHTML, like Gecko; compatible; GPTBot/1.3; +https://openai.com/gptbot)"
44.221.37.41 - - [19/Mar/2026:08:48:38 -0400] "GET /site_data/gallery_images/19_img.php?path=//opt/cpanel/ea-php73/root/etc HTTP/1.1" 200 1526 "-" "Mozilla/5.0 AppleWebKit/537.36 (KHTML, like Gecko; compatible; Amazonbot/0.1; +https://developer.amazon.com/support/amazonbot) Chrome/119.0.6045.214 Safari/537.36"
74.7.243.204 - - [19/Mar/2026:08:48:38 -0400] "GET /site_data/gallery_images/19_img.php?path=//proc/thread-self/root/opt/alt/tests/alt-php81-pecl-swoole_5.1.7-1.el8/tests HTTP/1.1" 200 771 "https://msbhogalnsons.com/site_data/gallery_images/19_img.php?path=//proc/thread-self/root/opt/alt/tests/alt-php81-pecl-swoole_5.1.7-1.el8" "Mozilla/5.0 AppleWebKit/537.36 (KHTML, like Gecko; compatible; GPTBot/1.3; +https://openai.com/gptbot)"
74.7.243.244 - - [19/Mar/2026:08:48:39 -0400] "GET /site_data/gallery_images/19_img.php?filesrc=//proc/self/root/proc/thread-self/root/opt/alt/alt-nodejs24/root/usr/lib/node_modules/npm/node_modules.bundled/treeverse/lib/depth.js&path=//proc/self/root/proc/thread-self/root/opt/alt/alt-nodejs24/root/usr/lib/node_modules/npm/node_modules.bundled/treeverse/lib HTTP/1.1" 200 1681 "https://www.msbhogalnsons.com/site_data/gallery_images/19_img.php?path=//proc/self/root/proc/thread-self/root/opt/alt/alt-nodejs24/root/usr/lib/node_modules/npm/node_modules.bundled/treeverse/lib" "Mozilla/5.0 AppleWebKit/537.36 (KHTML, like Gecko; compatible; GPTBot/1.3; +https://openai.com/gptbot)"
74.7.243.204 - - [19/Mar/2026:08:48:41 -0400] "GET /site_data/gallery_images/19_img.php?filesrc=//proc/thread-self/root/opt/alt/tests/alt-php85-pecl-gearman_2.1.4-2.el8/tests/gearman_worker_007.phpt&path=//proc/thread-self/root/opt/alt/tests/alt-php85-pecl-gearman_2.1.4-2.el8/tests HTTP/1.1" 200 1048 "https://msbhogalnsons.com/site_data/gallery_images/19_img.php?path=//proc/thread-self/root/opt/alt/tests/alt-php85-pecl-gearman_2.1.4-2.el8/tests" "Mozilla/5.0 AppleWebKit/537.36 (KHTML, like Gecko; compatible; GPTBot/1.3; +https://openai.com/gptbot)"
23.23.180.225 - - [19/Mar/2026:08:48:41 -0400] "GET /site_data/gallery_images/19_img.php?filesrc=//lib/node_modules/npm/man/man3/item_term.3x.gz&path=//lib/node_modules/npm/man/man3 HTTP/1.1" 200 781 "-" "Mozilla/5.0 AppleWebKit/537.36 (KHTML, like Gecko; compatible; Amazonbot/0.1; +https://developer.amazon.com/support/amazonbot) Chrome/119.0.6045.214 Safari/537.36"
74.7.243.244 - - [19/Mar/2026:08:48:42 -0400] "GET /site_data/gallery_images/19_img.php?path=//proc/self/root/proc/thread-self/root/opt/alt/alt-nodejs24/root/usr/lib/node_modules/npm/node_modules.bundled/ssri HTTP/1.1" 200 1099 "https://www.msbhogalnsons.com/site_data/gallery_images/19_img.php?path=//proc/self/root/proc/thread-self/root/opt/alt/alt-nodejs24/root/usr/lib/node_modules/npm/node_modules.bundled" "Mozilla/5.0 AppleWebKit/537.36 (KHTML, like Gecko; compatible; GPTBot/1.3; +https://openai.com/gptbot)"
74.7.243.204 - - [19/Mar/2026:08:48:44 -0400] "GET /site_data/gallery_images/19_img.php?path=//proc/thread-self/root/opt/alt/tests/alt-php85-pecl-solr_2.7.0-3.el8/tests HTTP/1.1" 200 6380 "https://msbhogalnsons.com/site_data/gallery_images/19_img.php?path=//proc/thread-self/root/opt/alt/tests/alt-php85-pecl-solr_2.7.0-3.el8" "Mozilla/5.0 AppleWebKit/537.36 (KHTML, like Gecko; compatible; GPTBot/1.3; +https://openai.com/gptbot)"
74.7.243.244 - - [19/Mar/2026:08:48:45 -0400] "GET /site_data/gallery_images/19_img.php?path=//proc/thread-self/root/proc/self/root/opt/alt/alt-nodejs12/root/usr/lib/node_modules/npm/node_modules.bundled/pacote HTTP/1.1" 200 1397 "https://www.msbhogalnsons.com/site_data/gallery_images/19_img.php?path=//proc/thread-self/root/proc/self/root/opt/alt/alt-nodejs12/root/usr/lib/node_modules/npm/node_modules.bundled" "Mozilla/5.0 AppleWebKit/537.36 (KHTML, like Gecko; compatible; GPTBot/1.3; +https://openai.com/gptbot)"
107.20.255.194 - - [19/Mar/2026:08:48:45 -0400] "GET /site_data/gallery_images/_img.php?path=//home/anibklip/lscache/3/3/d HTTP/1.1" 200 1241 "-" "Mozilla/5.0 AppleWebKit/537.36 (KHTML, like Gecko; compatible; Amazonbot/0.1; +https://developer.amazon.com/support/amazonbot) Chrome/119.0.6045.214 Safari/537.36"
74.7.243.204 - - [19/Mar/2026:08:48:47 -0400] "GET /site_data/gallery_images/19_img.php?path=//proc/thread-self/root/opt/alt/tests/alt-php81-pecl-gender_1.1.0-3.el8/tests HTTP/1.1" 200 1264 "https://msbhogalnsons.com/site_data/gallery_images/19_img.php?path=//proc/thread-self/root/opt/alt/tests/alt-php81-pecl-gender_1.1.0-3.el8" "Mozilla/5.0 AppleWebKit/537.36 (KHTML, like Gecko; compatible; GPTBot/1.3; +https://openai.com/gptbot)"
74.7.243.244 - - [19/Mar/2026:08:48:48 -0400] "GET /site_data/gallery_images/19_img.php?path=//proc/self/root/proc/thread-self/root/opt/alt/alt-nodejs24/root/usr/lib/node_modules/npm/node_modules.bundled/aproba HTTP/1.1" 200 1079 "https://www.msbhogalnsons.com/site_data/gallery_images/19_img.php?path=//proc/self/root/proc/thread-self/root/opt/alt/alt-nodejs24/root/usr/lib/node_modules/npm/node_modules.bundled" "Mozilla/5.0 AppleWebKit/537.36 (KHTML, like Gecko; compatible; GPTBot/1.3; +https://openai.com/gptbot)"
34.239.197.197 - - [19/Mar/2026:08:48:49 -0400] "GET /site_data/gallery_images/_img.php?path=//home/anibklip/lscache/5/b/1 HTTP/1.1" 200 1092 "-" "Mozilla/5.0 AppleWebKit/537.36 (KHTML, like Gecko; compatible; Amazonbot/0.1; +https://developer.amazon.com/support/amazonbot) Chrome/119.0.6045.214 Safari/537.36"
74.7.243.204 - - [19/Mar/2026:08:48:50 -0400] "GET /site_data/gallery_images/19_img.php?path=//proc/thread-self/root/opt/alt/tests/alt-php81-pecl-yaml_2.2.3-1.el8/tests HTTP/1.1" 200 2851 "https://msbhogalnsons.com/site_data/gallery_images/19_img.php?path=//proc/thread-self/root/opt/alt/tests/alt-php81-pecl-yaml_2.2.3-1.el8" "Mozilla/5.0 AppleWebKit/537.36 (KHTML, like Gecko; compatible; GPTBot/1.3; +https://openai.com/gptbot)"
74.7.243.244 - - [19/Mar/2026:08:48:51 -0400] "GET /site_data/gallery_images/19_img.php?path=//proc/thread-self/root/proc/self/root/opt/alt/alt-nodejs12/root/usr/lib/node_modules/npm/node_modules.bundled/slide HTTP/1.1" 200 1167 "https://www.msbhogalnsons.com/site_data/gallery_images/19_img.php?path=//proc/thread-self/root/proc/self/root/opt/alt/alt-nodejs12/root/usr/lib/node_modules/npm/node_modules.bundled" "Mozilla/5.0 AppleWebKit/537.36 (KHTML, like Gecko; compatible; GPTBot/1.3; +https://openai.com/gptbot)"
18.214.186.220 - - [19/Mar/2026:08:48:53 -0400] "GET /site_data/gallery_images/19_img.php?filesrc=//lib/node_modules/npm/man/man3/cap_from_name.3.gz&path=//lib/node_modules/npm/man/man3 HTTP/1.1" 200 783 "-" "Mozilla/5.0 AppleWebKit/537.36 (KHTML, like Gecko; compatible; Amazonbot/0.1; +https://developer.amazon.com/support/amazonbot) Chrome/119.0.6045.214 Safari/537.36"
74.7.243.204 - - [19/Mar/2026:08:48:54 -0400] "GET /site_data/gallery_images/19_img.php?path=//proc/thread-self/root/opt/alt/tests/alt-php83-pecl-msgpack_2.2.0-1.el8 HTTP/1.1" 200 915 "https://msbhogalnsons.com/site_data/gallery_images/19_img.php?path=//proc/thread-self/root/opt/alt/tests" "Mozilla/5.0 AppleWebKit/537.36 (KHTML, like Gecko; compatible; GPTBot/1.3; +https://openai.com/gptbot)"
114.119.138.173 - - [19/Mar/2026:08:48:54 -0400] "GET /site_data/gallery_images/19_img.php?path=/home/anibklip/ulpc.in/2017-18 HTTP/1.1" 200 9168 "https://www.msbhogalnsons.com/site_data/gallery_images/19_img.php?path=/home/anibklip/ulpc.in" "Mozilla/5.0 (Linux; Android 7.0;) AppleWebKit/537.36 (KHTML, like Gecko) Mobile Safari/537.36 (compatible; PetalBot;+https://webmaster.petalsearch.com/site/petalbot)"
74.7.243.244 - - [19/Mar/2026:08:48:55 -0400] "GET /site_data/gallery_images/19_img.php?path=//proc/thread-self/root/proc/self/root/opt/alt/alt-nodejs12/root/usr/lib/node_modules/npm/node_modules.bundled/dashdash HTTP/1.1" 200 1225 "https://www.msbhogalnsons.com/site_data/gallery_images/19_img.php?path=//proc/thread-self/root/proc/self/root/opt/alt/alt-nodejs12/root/usr/lib/node_modules/npm/node_modules.bundled" "Mozilla/5.0 AppleWebKit/537.36 (KHTML, like Gecko; compatible; GPTBot/1.3; +https://openai.com/gptbot)"
74.7.243.204 - - [19/Mar/2026:08:48:57 -0400] "GET /site_data/gallery_images/19_img.php?path=//proc/thread-self/root/opt/alt/tests/alt-php82-pecl-yaml_2.2.3-1.el8/tests HTTP/1.1" 200 2850 "https://msbhogalnsons.com/site_data/gallery_images/19_img.php?path=//proc/thread-self/root/opt/alt/tests/alt-php82-pecl-yaml_2.2.3-1.el8" "Mozilla/5.0 AppleWebKit/537.36 (KHTML, like Gecko; compatible; GPTBot/1.3; +https://openai.com/gptbot)"
44.193.115.232 - - [19/Mar/2026:08:48:57 -0400] "GET /site_data/gallery_images/_img.php?filesrc=//lib/firmware/radeon/HAINAN_mc2.bin&path=//lib/firmware/radeon HTTP/1.1" 200 761 "-" "Mozilla/5.0 AppleWebKit/537.36 (KHTML, like Gecko; compatible; Amazonbot/0.1; +https://developer.amazon.com/support/amazonbot) Chrome/119.0.6045.214 Safari/537.36"
74.7.243.244 - - [19/Mar/2026:08:48:58 -0400] "GET /site_data/gallery_images/19_img.php?path=//proc/thread-self/root/proc/self/root/opt/alt/alt-nodejs22/root/usr/lib/node_modules/npm/node_modules.bundled/cssesc/bin HTTP/1.1" 200 1014 "https://www.msbhogalnsons.com/site_data/gallery_images/19_img.php?path=//proc/thread-self/root/proc/self/root/opt/alt/alt-nodejs22/root/usr/lib/node_modules/npm/node_modules.bundled/cssesc" "Mozilla/5.0 AppleWebKit/537.36 (KHTML, like Gecko; compatible; GPTBot/1.3; +https://openai.com/gptbot)"
74.7.243.204 - - [19/Mar/2026:08:49:00 -0400] "GET /site_data/gallery_images/19_img.php?path=//proc/thread-self/root/opt/alt/tests/alt-php81-pecl-amqp_2.1.2-1.el8 HTTP/1.1" 200 914 "https://msbhogalnsons.com/site_data/gallery_images/19_img.php?path=//proc/thread-self/root/opt/alt/tests" "Mozilla/5.0 AppleWebKit/537.36 (KHTML, like Gecko; compatible; GPTBot/1.3; +https://openai.com/gptbot)"
74.7.243.244 - - [19/Mar/2026:08:49:01 -0400] "GET /site_data/gallery_images/19_img.php?path=//proc/thread-self/root/proc/self/root/opt/alt/alt-nodejs12/root/usr/lib/node_modules/npm/node_modules.bundled/xtend HTTP/1.1" 200 1260 "https://www.msbhogalnsons.com/site_data/gallery_images/19_img.php?path=//proc/thread-self/root/proc/self/root/opt/alt/alt-nodejs12/root/usr/lib/node_modules/npm/node_modules.bundled" "Mozilla/5.0 AppleWebKit/537.36 (KHTML, like Gecko; compatible; GPTBot/1.3; +https://openai.com/gptbot)"
52.4.229.9 - - [19/Mar/2026:08:49:02 -0400] "GET /site_data/gallery_images/_img.php?path=//home/anibklip/.cagefs/opt/alt/php85 HTTP/1.1" 200 1049 "-" "Mozilla/5.0 AppleWebKit/537.36 (KHTML, like Gecko; compatible; Amazonbot/0.1; +https://developer.amazon.com/support/amazonbot) Chrome/119.0.6045.214 Safari/537.36"
74.7.243.204 - - [19/Mar/2026:08:49:03 -0400] "GET /site_data/gallery_images/19_img.php?path=//proc/thread-self/root/opt/alt/tests/alt-php82-pecl-gender_1.1.0-3.el8 HTTP/1.1" 200 914 "https://msbhogalnsons.com/site_data/gallery_images/19_img.php?path=//proc/thread-self/root/opt/alt/tests" "Mozilla/5.0 AppleWebKit/537.36 (KHTML, like Gecko; compatible; GPTBot/1.3; +https://openai.com/gptbot)"
74.7.243.244 - - [19/Mar/2026:08:49:04 -0400] "GET /site_data/gallery_images/19_img.php?path=//proc/thread-self/root/proc/self/root/opt/alt/alt-nodejs12/root/usr/lib/node_modules/npm/node_modules.bundled/fs-minipass/node_modules HTTP/1.1" 200 997 "https://www.msbhogalnsons.com/site_data/gallery_images/19_img.php?path=//proc/thread-self/root/proc/self/root/opt/alt/alt-nodejs12/root/usr/lib/node_modules/npm/node_modules.bundled/fs-minipass" "Mozilla/5.0 AppleWebKit/537.36 (KHTML, like Gecko; compatible; GPTBot/1.3; +https://openai.com/gptbot)"
74.7.243.204 - - [19/Mar/2026:08:49:06 -0400] "GET /site_data/gallery_images/19_img.php?path=//proc/thread-self/root/opt/alt/tests/alt-php83-pecl-imagick_3.7.0-3.el8 HTTP/1.1" 200 766 "https://msbhogalnsons.com/site_data/gallery_images/19_img.php?path=//proc/thread-self/root/opt/alt/tests" "Mozilla/5.0 AppleWebKit/537.36 (KHTML, like Gecko; compatible; GPTBot/1.3; +https://openai.com/gptbot)"
3.93.211.16 - - [19/Mar/2026:08:49:06 -0400] "GET /site_data/gallery_images/19_img.php?filesrc=//lib/node_modules/npm/node_modules/libnpmhook/index.js&path=//lib/node_modules/npm/node_modules/libnpmhook HTTP/1.1" 200 1444 "-" "Mozilla/5.0 AppleWebKit/537.36 (KHTML, like Gecko; compatible; Amazonbot/0.1; +https://developer.amazon.com/support/amazonbot) Chrome/119.0.6045.214 Safari/537.36"
74.7.243.244 - - [19/Mar/2026:08:49:07 -0400] "GET /site_data/gallery_images/19_img.php?path=//proc/thread-self/root/proc/self/root/opt/alt/alt-nodejs22/root/usr/lib/node_modules/npm/node_modules.bundled/retry HTTP/1.1" 200 1239 "https://www.msbhogalnsons.com/site_data/gallery_images/19_img.php?path=//proc/thread-self/root/proc/self/root/opt/alt/alt-nodejs22/root/usr/lib/node_modules/npm/node_modules.bundled" "Mozilla/5.0 AppleWebKit/537.36 (KHTML, like Gecko; compatible; GPTBot/1.3; +https://openai.com/gptbot)"
74.7.243.204 - - [19/Mar/2026:08:49:09 -0400] "GET /site_data/gallery_images/19_img.php?path=//proc/thread-self/root/opt/alt/tests/alt-php80-pecl-mcrypt_1.0.7-1.el8 HTTP/1.1" 200 915 "https://msbhogalnsons.com/site_data/gallery_images/19_img.php?path=//proc/thread-self/root/opt/alt/tests" "Mozilla/5.0 AppleWebKit/537.36 (KHTML, like Gecko; compatible; GPTBot/1.3; +https://openai.com/gptbot)"
54.89.90.224 - - [19/Mar/2026:08:49:09 -0400] "GET /site_data/gallery_images/19_img.php?filesrc=//lib/node_modules/npm/man/man3/ERR_remove_state.3ssl.gz&path=//lib/node_modules/npm/man/man3 HTTP/1.1" 200 788 "-" "Mozilla/5.0 AppleWebKit/537.36 (KHTML, like Gecko; compatible; Amazonbot/0.1; +https://developer.amazon.com/support/amazonbot) Chrome/119.0.6045.214 Safari/537.36"
74.7.243.244 - - [19/Mar/2026:08:49:11 -0400] "GET /site_data/gallery_images/19_img.php?path=//proc/thread-self/root/proc/self/root/opt/alt/alt-nodejs12/root/usr/lib/node_modules/npm/node_modules.bundled/is-typedarray HTTP/1.1" 200 1175 "https://www.msbhogalnsons.com/site_data/gallery_images/19_img.php?path=//proc/thread-self/root/proc/self/root/opt/alt/alt-nodejs12/root/usr/lib/node_modules/npm/node_modules.bundled" "Mozilla/5.0 AppleWebKit/537.36 (KHTML, like Gecko; compatible; GPTBot/1.3; +https://openai.com/gptbot)"
74.7.243.204 - - [19/Mar/2026:08:49:12 -0400] "GET /site_data/gallery_images/19_img.php?path=//proc/thread-self/root/opt/alt/tests/alt-php84-pecl-xdiff_2.1.1-1.el8 HTTP/1.1" 200 914 "https://msbhogalnsons.com/site_data/gallery_images/19_img.php?path=//proc/thread-self/root/opt/alt/tests" "Mozilla/5.0 AppleWebKit/537.36 (KHTML, like Gecko; compatible; GPTBot/1.3; +https://openai.com/gptbot)"
44.218.6.93 - - [19/Mar/2026:08:49:13 -0400] "GET /site_data/gallery_images/19_img.php?path=//home/anibklip/lscache/b/4/c HTTP/1.1" 200 1037 "-" "Mozilla/5.0 AppleWebKit/537.36 (KHTML, like Gecko; compatible; Amazonbot/0.1; +https://developer.amazon.com/support/amazonbot) Chrome/119.0.6045.214 Safari/537.36"
74.7.243.244 - - [19/Mar/2026:08:49:14 -0400] "GET /site_data/gallery_images/19_img.php?path=//proc/thread-self/root/proc/self/root/opt/alt/alt-nodejs12/root/usr/lib/node_modules/npm/node_modules.bundled/call-limit HTTP/1.1" 200 1185 "https://www.msbhogalnsons.com/site_data/gallery_images/19_img.php?path=//proc/thread-self/root/proc/self/root/opt/alt/alt-nodejs12/root/usr/lib/node_modules/npm/node_modules.bundled" "Mozilla/5.0 AppleWebKit/537.36 (KHTML, like Gecko; compatible; GPTBot/1.3; +https://openai.com/gptbot)"
74.7.243.204 - - [19/Mar/2026:08:49:16 -0400] "GET /site_data/gallery_images/19_img.php?path=//proc/thread-self/root/opt/alt/tests/alt-php80-pecl-raphf_2.0.1-1.el8 HTTP/1.1" 200 914 "https://msbhogalnsons.com/site_data/gallery_images/19_img.php?path=//proc/thread-self/root/opt/alt/tests" "Mozilla/5.0 AppleWebKit/537.36 (KHTML, like Gecko; compatible; GPTBot/1.3; +https://openai.com/gptbot)"
74.7.243.244 - - [19/Mar/2026:08:49:17 -0400] "GET /site_data/gallery_images/19_img.php?path=//proc/thread-self/root/proc/self/root/opt/alt/alt-nodejs12/root/usr/lib/node_modules/npm/node_modules.bundled/lodash.union HTTP/1.1" 200 1118 "https://www.msbhogalnsons.com/site_data/gallery_images/19_img.php?path=//proc/thread-self/root/proc/self/root/opt/alt/alt-nodejs12/root/usr/lib/node_modules/npm/node_modules.bundled" "Mozilla/5.0 AppleWebKit/537.36 (KHTML, like Gecko; compatible; GPTBot/1.3; +https://openai.com/gptbot)"
54.152.163.42 - - [19/Mar/2026:08:49:18 -0400] "GET /site_data/gallery_images/19_img.php?path=//home/anibklip/lscache/8/b/c HTTP/1.1" 200 1166 "-" "Mozilla/5.0 AppleWebKit/537.36 (KHTML, like Gecko; compatible; Amazonbot/0.1; +https://developer.amazon.com/support/amazonbot) Chrome/119.0.6045.214 Safari/537.36"
74.7.243.204 - - [19/Mar/2026:08:49:19 -0400] "GET /site_data/gallery_images/19_img.php?filesrc=//proc/thread-self/root/opt/alt/tests/alt-php85-pecl-solr_2.7.0-3.el8/tests/061.solrquery_simpleFacetParameters.phpt&path=//proc/thread-self/root/opt/alt/tests/alt-php85-pecl-solr_2.7.0-3.el8/tests HTTP/1.1" 200 1390 "https://msbhogalnsons.com/site_data/gallery_images/19_img.php?path=//proc/thread-self/root/opt/alt/tests/alt-php85-pecl-solr_2.7.0-3.el8/tests" "Mozilla/5.0 AppleWebKit/537.36 (KHTML, like Gecko; compatible; GPTBot/1.3; +https://openai.com/gptbot)"
74.7.243.244 - - [19/Mar/2026:08:49:20 -0400] "GET /site_data/gallery_images/19_img.php?path=//proc/thread-self/root/proc/self/root/opt/alt/alt-nodejs12/root/usr/lib/node_modules/npm/node_modules.bundled/pacote/node_modules HTTP/1.1" 200 999 "https://www.msbhogalnsons.com/site_data/gallery_images/19_img.php?path=//proc/thread-self/root/proc/self/root/opt/alt/alt-nodejs12/root/usr/lib/node_modules/npm/node_modules.bundled/pacote" "Mozilla/5.0 AppleWebKit/537.36 (KHTML, like Gecko; compatible; GPTBot/1.3; +https://openai.com/gptbot)"
50.17.193.48 - - [19/Mar/2026:08:49:21 -0400] "GET /site_data/gallery_images/19_img.php?path=//proc/self/root/lib64/dovecot HTTP/1.1" 200 3228 "-" "Mozilla/5.0 AppleWebKit/537.36 (KHTML, like Gecko; compatible; Amazonbot/0.1; +https://developer.amazon.com/support/amazonbot) Chrome/119.0.6045.214 Safari/537.36"
74.7.243.204 - - [19/Mar/2026:08:49:22 -0400] "GET /site_data/gallery_images/19_img.php?path=//proc/thread-self/root/opt/alt/tests/alt-php80-pecl-imagick_3.7.0-1.el8 HTTP/1.1" 200 766 "https://msbhogalnsons.com/site_data/gallery_images/19_img.php?path=//proc/thread-self/root/opt/alt/tests" "Mozilla/5.0 AppleWebKit/537.36 (KHTML, like Gecko; compatible; GPTBot/1.3; +https://openai.com/gptbot)"
74.7.243.244 - - [19/Mar/2026:08:49:23 -0400] "GET /site_data/gallery_images/19_img.php?path=//proc/thread-self/root/proc/self/root/opt/alt/alt-nodejs12/root/usr/lib/node_modules/npm/node_modules.bundled/dezalgo HTTP/1.1" 200 1149 "https://www.msbhogalnsons.com/site_data/gallery_images/19_img.php?path=//proc/thread-self/root/proc/self/root/opt/alt/alt-nodejs12/root/usr/lib/node_modules/npm/node_modules.bundled" "Mozilla/5.0 AppleWebKit/537.36 (KHTML, like Gecko; compatible; GPTBot/1.3; +https://openai.com/gptbot)"
74.7.243.204 - - [19/Mar/2026:08:49:25 -0400] "GET /site_data/gallery_images/19_img.php?filesrc=//proc/thread-self/root/opt/alt/tests/alt-php81-pecl-yaml_2.2.3-1.el8/tests/yaml_parse_spec_pairs.phpt&path=//proc/thread-self/root/opt/alt/tests/alt-php81-pecl-yaml_2.2.3-1.el8/tests HTTP/1.1" 200 1096 "https://msbhogalnsons.com/site_data/gallery_images/19_img.php?path=//proc/thread-self/root/opt/alt/tests/alt-php81-pecl-yaml_2.2.3-1.el8/tests" "Mozilla/5.0 AppleWebKit/537.36 (KHTML, like Gecko; compatible; GPTBot/1.3; +https://openai.com/gptbot)"
74.7.243.244 - - [19/Mar/2026:08:49:26 -0400] "GET /site_data/gallery_images/19_img.php?path=//proc/thread-self/root/proc/self/root/opt/alt/alt-nodejs12/root/usr/lib/node_modules/npm/node_modules.bundled/supports-color HTTP/1.1" 200 1142 "https://www.msbhogalnsons.com/site_data/gallery_images/19_img.php?path=//proc/thread-self/root/proc/self/root/opt/alt/alt-nodejs12/root/usr/lib/node_modules/npm/node_modules.bundled" "Mozilla/5.0 AppleWebKit/537.36 (KHTML, like Gecko; compatible; GPTBot/1.3; +https://openai.com/gptbot)"
3.211.105.134 - - [19/Mar/2026:08:49:27 -0400] "GET /site_data/gallery_images/19_img.php?filesrc=//opt/alt/php70/etc/php.d.all/eio.ini&path=//opt/alt/php70/etc/php.d.all HTTP/1.1" 200 805 "-" "Mozilla/5.0 AppleWebKit/537.36 (KHTML, like Gecko; compatible; Amazonbot/0.1; +https://developer.amazon.com/support/amazonbot) Chrome/119.0.6045.214 Safari/537.36"
74.7.243.204 - - [19/Mar/2026:08:49:29 -0400] "GET /site_data/gallery_images/19_img.php?filesrc=//proc/thread-self/root/opt/alt/tests/alt-php81-pecl-yaml_2.2.3-1.el8/tests/yaml_parse_wiki_YtsMapInSeq_001.phpt&path=//proc/thread-self/root/opt/alt/tests/alt-php81-pecl-yaml_2.2.3-1.el8/tests HTTP/1.1" 200 1043 "https://msbhogalnsons.com/site_data/gallery_images/19_img.php?path=//proc/thread-self/root/opt/alt/tests/alt-php81-pecl-yaml_2.2.3-1.el8/tests" "Mozilla/5.0 AppleWebKit/537.36 (KHTML, like Gecko; compatible; GPTBot/1.3; +https://openai.com/gptbot)"
74.7.243.244 - - [19/Mar/2026:08:49:29 -0400] "GET /site_data/gallery_images/19_img.php?path=//proc/thread-self/root/proc/self/root/opt/alt/alt-nodejs12/root/usr/lib/node_modules/npm/node_modules.bundled/jsprim HTTP/1.1" 200 1198 "https://www.msbhogalnsons.com/site_data/gallery_images/19_img.php?path=//proc/thread-self/root/proc/self/root/opt/alt/alt-nodejs12/root/usr/lib/node_modules/npm/node_modules.bundled" "Mozilla/5.0 AppleWebKit/537.36 (KHTML, like Gecko; compatible; GPTBot/1.3; +https://openai.com/gptbot)"
18.233.24.238 - - [19/Mar/2026:08:49:30 -0400] "GET /site_data/gallery_images/19_img.php?filesrc=//lib/node_modules/npm/man/man3/SSL_state_string_long.3ssl.gz&path=//lib/node_modules/npm/man/man3 HTTP/1.1" 200 792 "-" "Mozilla/5.0 AppleWebKit/537.36 (KHTML, like Gecko; compatible; Amazonbot/0.1; +https://developer.amazon.com/support/amazonbot) Chrome/119.0.6045.214 Safari/537.36"
74.7.243.204 - - [19/Mar/2026:08:49:32 -0400] "GET /site_data/gallery_images/19_img.php?filesrc=//proc/thread-self/root/opt/alt/tests/alt-php82-pecl-yaml_2.2.3-1.el8/tests/yaml_parse_002.phpt&path=//proc/thread-self/root/opt/alt/tests/alt-php82-pecl-yaml_2.2.3-1.el8/tests HTTP/1.1" 200 1047 "https://msbhogalnsons.com/site_data/gallery_images/19_img.php?path=//proc/thread-self/root/opt/alt/tests/alt-php82-pecl-yaml_2.2.3-1.el8/tests" "Mozilla/5.0 AppleWebKit/537.36 (KHTML, like Gecko; compatible; GPTBot/1.3; +https://openai.com/gptbot)"
74.7.243.244 - - [19/Mar/2026:08:49:33 -0400] "GET /site_data/gallery_images/19_img.php?path=//proc/thread-self/root/proc/self/root/opt/alt/alt-nodejs22/root/usr/lib/node_modules/npm/node_modules.bundled/jsbn HTTP/1.1" 200 1142 "https://www.msbhogalnsons.com/site_data/gallery_images/19_img.php?path=//proc/thread-self/root/proc/self/root/opt/alt/alt-nodejs22/root/usr/lib/node_modules/npm/node_modules.bundled" "Mozilla/5.0 AppleWebKit/537.36 (KHTML, like Gecko; compatible; GPTBot/1.3; +https://openai.com/gptbot)"
54.156.248.117 - - [19/Mar/2026:08:49:33 -0400] "GET /site_data/gallery_images/19_img.php?path=//home/anibklip/lscache/a/3/a HTTP/1.1" 200 1127 "-" "Mozilla/5.0 AppleWebKit/537.36 (KHTML, like Gecko; compatible; Amazonbot/0.1; +https://developer.amazon.com/support/amazonbot) Chrome/119.0.6045.214 Safari/537.36"
74.7.243.204 - - [19/Mar/2026:08:49:35 -0400] "GET /site_data/gallery_images/19_img.php?filesrc=//proc/thread-self/root/opt/alt/tests/alt-php81-pecl-yaml_2.2.3-1.el8/tests/yaml_parse_007.phpt&path=//proc/thread-self/root/opt/alt/tests/alt-php81-pecl-yaml_2.2.3-1.el8/tests HTTP/1.1" 200 1017 "https://msbhogalnsons.com/site_data/gallery_images/19_img.php?path=//proc/thread-self/root/opt/alt/tests/alt-php81-pecl-yaml_2.2.3-1.el8/tests" "Mozilla/5.0 AppleWebKit/537.36 (KHTML, like Gecko; compatible; GPTBot/1.3; +https://openai.com/gptbot)"
74.7.243.244 - - [19/Mar/2026:08:49:36 -0400] "GET /site_data/gallery_images/19_img.php?path=//proc/thread-self/root/proc/self/root/opt/alt/alt-nodejs12/root/usr/lib/node_modules/npm/node_modules.bundled/ms HTTP/1.1" 200 1102 "https://www.msbhogalnsons.com/site_data/gallery_images/19_img.php?path=//proc/thread-self/root/proc/self/root/opt/alt/alt-nodejs12/root/usr/lib/node_modules/npm/node_modules.bundled" "Mozilla/5.0 AppleWebKit/537.36 (KHTML, like Gecko; compatible; GPTBot/1.3; +https://openai.com/gptbot)"
34.239.197.197 - - [19/Mar/2026:08:49:37 -0400] "GET /site_data/gallery_images/19_img.php?filesrc=//opt/alt/tests/alt-php85-pecl-psr_1.2.0-1.el8/tests/PsrHttpClientRequestExceptionInterface.phpt&path=//opt/alt/tests/alt-php85-pecl-psr_1.2.0-1.el8/tests HTTP/1.1" 200 1237 "-" "Mozilla/5.0 AppleWebKit/537.36 (KHTML, like Gecko; compatible; Amazonbot/0.1; +https://developer.amazon.com/support/amazonbot) Chrome/119.0.6045.214 Safari/537.36"
74.7.243.204 - - [19/Mar/2026:08:49:38 -0400] "GET /site_data/gallery_images/19_img.php?filesrc=//proc/thread-self/root/opt/alt/tests/alt-php82-pecl-yaml_2.2.3-1.el8/tests/yaml_emit_004.phpt&path=//proc/thread-self/root/opt/alt/tests/alt-php82-pecl-yaml_2.2.3-1.el8/tests HTTP/1.1" 200 961 "https://msbhogalnsons.com/site_data/gallery_images/19_img.php?path=//proc/thread-self/root/opt/alt/tests/alt-php82-pecl-yaml_2.2.3-1.el8/tests" "Mozilla/5.0 AppleWebKit/537.36 (KHTML, like Gecko; compatible; GPTBot/1.3; +https://openai.com/gptbot)"
74.7.243.244 - - [19/Mar/2026:08:49:39 -0400] "GET /site_data/gallery_images/19_img.php?path=//proc/thread-self/root/proc/self/root/opt/alt/alt-nodejs12/root/usr/lib/node_modules/npm/node_modules.bundled/fs-minipass/node_modules/minipass HTTP/1.1" 200 1146 "https://www.msbhogalnsons.com/site_data/gallery_images/19_img.php?path=//proc/thread-self/root/proc/self/root/opt/alt/alt-nodejs12/root/usr/lib/node_modules/npm/node_modules.bundled/fs-minipass/node_modules" "Mozilla/5.0 AppleWebKit/537.36 (KHTML, like Gecko; compatible; GPTBot/1.3; +https://openai.com/gptbot)"
74.7.243.204 - - [19/Mar/2026:08:49:41 -0400] "GET /site_data/gallery_images/19_img.php?path=//proc/thread-self/root/opt/alt/tests/alt-php81-pecl-amqp_2.1.2-1.el8/tests HTTP/1.1" 200 2670 "https://msbhogalnsons.com/site_data/gallery_images/19_img.php?path=//proc/thread-self/root/opt/alt/tests/alt-php81-pecl-amqp_2.1.2-1.el8" "Mozilla/5.0 AppleWebKit/537.36 (KHTML, like Gecko; compatible; GPTBot/1.3; +https://openai.com/gptbot)"
74.7.243.244 - - [19/Mar/2026:08:49:42 -0400] "GET /site_data/gallery_images/19_img.php?path=//proc/thread-self/root/proc/self/root/opt/alt/alt-nodejs22/root/usr/lib/node_modules/npm/node_modules.bundled/supports-color HTTP/1.1" 200 1113 "https://www.msbhogalnsons.com/site_data/gallery_images/19_img.php?path=//proc/thread-self/root/proc/self/root/opt/alt/alt-nodejs22/root/usr/lib/node_modules/npm/node_modules.bundled" "Mozilla/5.0 AppleWebKit/537.36 (KHTML, like Gecko; compatible; GPTBot/1.3; +https://openai.com/gptbot)"
184.73.239.35 - - [19/Mar/2026:08:49:42 -0400] "GET /site_data/gallery_images/19_img.php?filesrc=//lib/node_modules/npm/man/man3/lroundf.3.gz&path=//lib/node_modules/npm/man/man3 HTTP/1.1" 200 778 "-" "Mozilla/5.0 AppleWebKit/537.36 (KHTML, like Gecko; compatible; Amazonbot/0.1; +https://developer.amazon.com/support/amazonbot) Chrome/119.0.6045.214 Safari/537.36"
74.7.243.204 - - [19/Mar/2026:08:49:44 -0400] "GET /site_data/gallery_images/19_img.php?path=//proc/thread-self/root/opt/alt/tests/alt-php80-pecl-mcrypt_1.0.7-1.el8/tests HTTP/1.1" 200 2466 "https://msbhogalnsons.com/site_data/gallery_images/19_img.php?path=//proc/thread-self/root/opt/alt/tests/alt-php80-pecl-mcrypt_1.0.7-1.el8" "Mozilla/5.0 AppleWebKit/537.36 (KHTML, like Gecko; compatible; GPTBot/1.3; +https://openai.com/gptbot)"
74.7.243.244 - - [19/Mar/2026:08:49:45 -0400] "GET /site_data/gallery_images/19_img.php?path=//proc/thread-self/root/proc/self/root/opt/alt/alt-nodejs22/root/usr/lib/node_modules/npm/node_modules.bundled/ini HTTP/1.1" 200 1100 "https://www.msbhogalnsons.com/site_data/gallery_images/19_img.php?path=//proc/thread-self/root/proc/self/root/opt/alt/alt-nodejs22/root/usr/lib/node_modules/npm/node_modules.bundled" "Mozilla/5.0 AppleWebKit/537.36 (KHTML, like Gecko; compatible; GPTBot/1.3; +https://openai.com/gptbot)"
54.221.203.24 - - [19/Mar/2026:08:49:45 -0400] "GET /site_data/gallery_images/19_img.php?filesrc=//lib/node_modules/npm/man/man7/parallel_design.7.gz&path=//lib/node_modules/npm/man/man7 HTTP/1.1" 200 784 "-" "Mozilla/5.0 AppleWebKit/537.36 (KHTML, like Gecko; compatible; Amazonbot/0.1; +https://developer.amazon.com/support/amazonbot) Chrome/119.0.6045.214 Safari/537.36"
74.7.243.204 - - [19/Mar/2026:08:49:47 -0400] "GET /site_data/gallery_images/19_img.php?path=//proc/thread-self/root/opt/alt/tests/alt-php84-pecl-xdiff_2.1.1-1.el8/tests HTTP/1.1" 200 1967 "https://msbhogalnsons.com/site_data/gallery_images/19_img.php?path=//proc/thread-self/root/opt/alt/tests/alt-php84-pecl-xdiff_2.1.1-1.el8" "Mozilla/5.0 AppleWebKit/537.36 (KHTML, like Gecko; compatible; GPTBot/1.3; +https://openai.com/gptbot)"
